is 4354645 (base 7) in base 15?
a8681
-33313 (base 10) to base 7
-166060
-13113125 (base 6) to base 14
-b2833
Convert 3665be (base 15) to base 3.
11220021020022
Convert -243341545 (base 6) to base 8.
-21565711
99780 (base 10) to base 12
498b0
Convert -32031200232 (base 4) to base 12.
-12b7a66
a543 (base 15) to base 9
52830
What is 423897 (base 16) in base 4?
100203202113
Convert -489522 (base 10) to base 16.
-77832
1000044 (base 7) to base 13
41745
What is -3da4b5 (base 15) in base 8?
-13252676
What is 45a951 (base 16) in base 6?
241503441
Convert -9749 (base 14) to base 4.
-12120111
Convert -236971 (base 12) to base 7.
-4600351
Convert 1521158 (base 10) to base 13.
4134c2
212130322 (base 4) to base 13
568c3
What is -529218 (base 16) in base 12?
-198b6a0
Convert -1334445 (base 8) to base 6.
-12012245
What is 130883 (base 13) in base 5?
104132220
-50490 (base 15) to base 9
-426570
What is -10a2964 (base 13) in base 10?
-5118416
What is 21dd9 (base 14) in base 6?
1433031
What is 4876638 (base 11) in base 3?
120222010110022
What is 4216276 (base 10) in base 14?
7ba788
Convert -2333973 (base 10) to base 12.
-946819
Convert 1334412 (base 7) to base 6.
3442430
317546 (base 8) to base 14
2aa7c
Convert 10132021 (base 5) to base 12.
4030a
7714284 (base 10) to base 6
433202140
What is 101010011001100011000011 (base 2) in base 6?
1034120523
What is -10122011022212 (base 3) in base 7?
-22264625
Convert 22221112010012 (base 3) to base 10.
4753895
What is -3eee72 (base 15) in base 16?
-2e58c6
5552042 (base 6) to base 11
180766
What is 111100011000000101 (base 2) in base 16?
3c605
What is -200155554 (base 6) in base 15?
-469e07
Convert 24216250 (base 7) to base 15.
2c8bad
Convert -6165422 (base 7) to base 16.
-b46da
What is 250222002 (base 6) in base 3?
22222201111002
-104303313 (base 5) to base 9
-775047
What is 150206 (base 8) in base 7?
311430
What is -6262844 (base 10) in base 16?
-5f903c
-8712 (base 14) to base 4
-11230230
What is -1352135 (base 7) in base 5?
-21241321
What is 442514 (base 6) in base 9?
55561
1022100033 (base 4) to base 2
1001010010000001111
Convert -313013230 (base 4) to base 8.
-670754
What is 22000444 (base 6) in base 8?
2374054
Convert -1224102002 (base 5) to base 15.
-3d6002
Convert -1241102 (base 5) to base 10.
-24527
Convert -165741 (base 15) to base 7.
-12123313
Convert 2112110210 (base 4) to base 9.
1137538
Convert 6807c (base 14) to base 4.
331222032
What is 10596b (base 13) in base 6?
12121132
Convert 65567 (base 10) to base 14.
19c75
What is -24a6927 (base 11) in base 3?
-22011122020221
What is -38410 (base 9) in base 13?
-b9c4
-402454 (base 7) to base 5
-4140044
-400128 (base 9) to base 4
-321230033
What is 15231231 (base 8) in base 14?
66a77b
Convert -2286911 (base 10) to base 6.
-121003315
Convert 1d867 (base 14) to base 12.
37a03
2655732 (base 8) to base 12
2ba962
5d852a (base 16) to base 6
335210414
What is 1100111001110101100 (base 2) in base 12?
184838
What is -1080988 (base 10) in base 13?
-2bb04c
What is -808011 (base 13) in base 16?
-2d979e
Convert -77867 (base 11) to base 13.
-3c495
-4627432 (base 10) to base 6
-243103144
10010001100111011010 (base 2) to base 11
378130
Convert 11011332221 (base 4) to base 5.
320211314
Convert 621180 (base 11) to base 3.
1212122210200
What is 34344002 (base 5) in base 15?
6196c
What is 34004334 (base 5) in base 15?
5d214
-5082a (base 12) to base 15
-21111
Convert 1279039 (base 11) to base 13.
5c4114
What is 3221620 (base 7) in base 11?
248587
What is 101001000010101010001001 (base 2) in base 9?
22217254
What is 4720075 (base 9) in base 3?
11210200002112
-5200545 (base 6) to base 2
-111100110011010001
-4b414 (base 13) to base 16
-21f60
-21204030 (base 6) to base 5
-124413322
What is -53952 (base 12) in base 6?
-2210142
What is -e588d4 (base 15) in base 4?
-221220121132
What is -1100110110001110110100 (base 2) in base 4?
-30312032310
Convert 2526e (base 16) to base 14.
3d658
Convert -324442130 (base 5) to base 14.
-288507
What is 3263332 (base 8) in base 5?
211101143
-17b685a (base 14) to base 16
-b30fd0
Convert 3058868 (base 9) to base 14.
30750a
What is 403655 (base 9) in base 7?
2013362
Convert -21535302 (base 6) to base 5.
-131303421
What is 100722 (base 14) in base 7?
4404042
-110211001211 (base 3) to base 11
-1625a9
Convert 23b7542 (base 12) to base 13.
1598906
39017 (base 12) to base 9
127621
What is 2f614 (base 16) in base 13?
6a444
Convert -104024134 (base 6) to base 13.
-506083
What is 30346 (base 15) in base 7?
1203642
What is -1000331111213 (base 4) in base 7?
-264511433
What is 2400321 (base 6) in base 15?
26d77
Convert 100422 (base 10) to base 13.
3692a
19111 (base 15) to base 9
133387
Convert 746990 (base 10) to base 15.
eb4e5
111231000 (base 5) to base 10
492625
Convert 1000201122200 (base 3) to base 8.
2051751
What is -9637469 (base 10) in base 6?
-542321525
What is -329a9 (base 13) in base 12?
-45109
What is 1485b41 (base 12) in base 16?
3f7021
Convert -1bd6a (base 14) to base 16.
-1164a
491a82 (base 12) to base 14
22bd06
Convert 274d61 (base 14) to base 3.
2120000001120
Convert 15456022 (base 7) to base 8.
5544147
Convert 202212212020 (base 3) to base 5.
101123204
Convert b7e37 (base 15) to base 2.
10001110100000010110
16161052 (base 7) to base 10
1561030
d79494 (base 15) to base 14
1510304
Convert 21653514 (base 7) to base 10.
1878867
-2404320301 (base 5) to base 3
-101102120010110
Convert 4749344 (base 10) to base 2.
10010000111100000100000
What is 2aa69c (base 15) in base 4?
13312333113
Convert -103022102030 (base 4) to base 6.
-255353552
2222001221000 (base 3) to base 9
2861830
-5485868 (base 9) to base 12
-ba3398
11201111121 (base 3) to base 15
1c81a
What is -966621 (base 10) in base 16?
-ebfdd
444503 (base 8) to base 3
21121112011
What is 700064 (base 8) in base 6?
4530100
What is -3139bd (base 16) in base 3?
-20001220022011
What is 550482 (base 13) in base 12?
805530
What is 3113a4 (base 11) in base 12?
201156
-659a57 (base 12) to base 11
-a02469
Convert -d1aad (base 16) to base 8.
-3215255
Convert 2153918 (base 10) to base 2.
1000001101110110111110
-20222030 (base 5) to base 11
-102255
-dcab2a (base 15) to base 8
-50072270
What is 2223272 (base 8) in base 13?
17cc99
What is -a2973d (base 16) in base 7?
-156366512
46767 (base 9) to base 3
1120212021
1658b53 (base 12) to base 9
8577400
Convert 245011414 (base 6) to base 13.
c90805
What is 556757 (base 8) in base 5?
22003022
What is 13a3270 (base 13) in base 3?
102201200111122
What is -86099 (base 13) in base 6?
-5103232
1313022123 (base 4) to base 13
141216
-846241 (base 10) to base 9
-1528737
What is 6954a (base 15) in base 12?
142074
What is 310322120 (base 4) in base 9?
360258
-31021213112 (base 4) to base 5
-1340303004
Convert 689c76 (base 13) to base 5.
1113300034
What is 446273 (base 10) in base 9?
750148
Convert -3b8c9 (base 13) to base 12.
-54547
-1011010010100001010100 (base 2) to base 6
-143233044
-1024011323 (base 5) to base 9
-4071355
Convert 712ab (base 13) to base 3.
101021220211
-65930 (base 10) to base 12
-321a2
Convert -401230132 (base 5) to base 2.
-110000011010001110100
Convert -1000111001110011100010 (base 2) to base 14.
-44a7aa
What is -68b88b (base 12) in base 5?
-412213042
-526632 (base 14) to base 3
-12020102102122
What is -61131335 (base 8) in base 4?
-301023023131
Convert -3854873 (base 10) to base 5.
-1441323443
What is 4002221 (base 6) in base 13?
67246
What is -1032023311 (base 4) in base 3?
-121021021221
What is 1121732 (base 9) in base 16?
93b09
What is -46006 (base 12) in base 3?
-11202000020
What is -101000111110111010 (base 2) in base 8?
-507672
Convert 22151151 (base 6) to base 8.
2430113
-1043d4 (base 14) to base 2
-10000110001011000110
18e80 (base 15) to base 10
80895
-1893715 (base 10) to base 15
-27617a
Convert 53421112 (base 6) to base 3.
2221221120122
What is -11234443 (base 5) in base 11?
-70010
What is 4440442 (base 7) in base 15?
ac404
Convert -1204113 (base 5) to base 9.
-33657
What is 372202 (base 8) in base 9?
214676
Convert 2153 (base 9) to base 5.
22322
What is -1a5caa6 (base 13) in base 3?
-121101112212210
Convert -5845546 (base 9) to base 8.
-14033575
Convert 12b6776 (base 12) to base 6.
211445030
Convert -1213301131 (base 4) to base 2.
-1100111110001011